r(t) = 15*t - 4. Let s(h) = -h**3 + 3*h - 1. Let v be s(2). Let n(o) = 16*o - 5. Let c(z) = v*n(z) + 4*r(z). Suppose 131729 = -66*l + 131795. Give c(l).
11
Let b(a) = a**2 - 5*a - 4. Let n be b(6). Let y(m) = -m**2 - 2*m - n*m + 0*m + 3 + m**3. Let w be ((-89)/267)/((-3)/27). What is y(w)?
9
Suppose 0 = 2*i + 5*i. Let x = 7 - i. Let n(q) = -1 + q**2 + 2755*q - 2764*q - 9. Give n(x).
-24
Let s(a) be the third derivative of a**4/8 - a**3/2 + 958*a**2. What is s(-6)?
-21
Let s = -44 + 19. Let l = s + -51. Let z = l + 67. Let k(o) = -o - 13. Give k(z).
-4
Let b(h) = -h**3 + h**2 + h - 1. Suppose 10*j - 14 = -4*j. Let z(f) = 7*f**3 - 7*f**2 - 9*f + 8. Let l(i) = j*z(i) + 5*b(i). Determine l(3).
27
Let t(h) be the third derivative of -h**4/4 + h**3/2 + 6*h**2. Let y be 4/16*-2*-4. Let r be (-50)/(-30) + y/6. What is t(r)?
-9
Let t(g) be the first derivative of -3/2*g**2 - 3*g - 14 + 1/3*g**3. Let y = -6 + 10. What is t(y)?
1
Let s(w) = -3*w + 17. Let o be s(5). Let a(k) = -6*k + 0*k**3 + 6*k**2 + k**3 + 4*k**o - 4 - 15*k**2. Calculate a(6).
-4
Suppose -2*q + 32 = -0*x + 4*x, -2*q + 26 = 3*x. Let z = 1013 - 1012. Let r(t) = 2*t - 2 + 3*t + z - t**2 - 5 + 2*t. What is r(x)?
0
Let m(n) = n**2 + 11*n + 16. Let g(b) = -b**2 - 12*b - 17. Let w(a) = 3*g(a) + 4*m(a). Let s be (-180)/(7 + 5) + 9. Determine w(s).
1
Let q(d) = d**3 + 10*d**2 - 13*d - 16. Let v = 159 + -285. Let h be (-1 - 108/11) + v/693. Determine q(h).
6
Let k(y) = -y**2 + 5*y - 1. Suppose -t - 55 - 51 = 0. Let w = t + 108. Calculate k(w).
5
Let b(c) = 2*c**3 + 2*c**2 + 2. Suppose -4*r - 2*o - 2 = 0, r + 23 = -10*o + 5*o. Let i(p) = -p**2 - p - 2. Let n be i(-2). Let g = r + n. Calculate b(g).
-6
Let q(t) = t**3 - 7*t**2 + 6*t + 3. Suppose 2*j = 33 + 11. Suppose -24*c = -j*c - 4. Suppose -2*w + 4*x + x = -35, 0 = -4*w - c*x + 10. Determine q(w).
-17
Let y = -23910 + 23913. Let j(s) be the first derivative of s**4/4 - 2*s**3/3 + s**2 - 3*s + 2. Give j(y).
12
Let z(n) be the third derivative of n**7/5040 + n**6/720 - n**5/60 + 2*n**2. Let h(c) be the third derivative of z(c). Suppose -6*a - 25 = -13. Give h(a).
-1
Let k(y) = 3*y - 8. Suppose -38*z + 3184 = -4872. Let l be z/20 + 8/20. What is k(l)?
25
Let k = -5354 + 5358. Let b(d) be the third derivative of 0 - d**3 - 9*d**2 + 1/24*d**k + 0*d. Determine b(5).
-1
Let x(h) = 9*h. Let i be (-1 - -4)*7/21. Let g(d) = -d - 1. Let r(n) = -4*n - 8. Let p(f) = i*r(f) - 3*g(f). Let s be p(-4). Give x(s).
-9
Let x(l) = -12 - 486*l + 118*l + 119*l + 119*l + 119*l. Calculate x(-6).
54
Let b(u) = u**2 + 14*u + 19. Let f be b(-21). Let j = f + -171. Let z(o) = -o - 9. Give z(j).
-4
Let z = 1288 + -1292. Let c(q) = q**2 + 3*q - 7. Determine c(z).
-3
Suppose -57 + 198 = 5*b - y, -b + 2*y + 30 = 0. Suppose 0 = -5*s - 2*n + 21, n - 46 + b = -4*s. Let m(i) = i**3 - 6*i**2 + 4*i - 1. Calculate m(s).
-6
Suppose 2*o + 64 = 72. Let g(k) be the second derivative of -1/12*k**o + 0*k**3 - 1/20*k**5 - 3/2*k**2 + 5*k + 0. Determine g(-3).
15
Let r(m) = -m**3 - m**2 + 3*m - 10. Let a(n) = -8*n**2 - 213*n + 78. Let g be a(-27). Determine r(g).
-1
Let m(b) = -b**2 - 7*b. Suppose -g - 77 - 26 = -l, -2*l = -4*g - 212. Let c = 26 + 67. Let f = c - l. What is m(f)?
0
Let b(a) = 11*a**2 - 5 + 7*a**2 - 9*a + 11*a**2 - a**3 - 21*a**2. Suppose 2*k - 63 = -7*k. Determine b(k).
-19
Suppose 4*s - s = 0. Let c(i) be the first derivative of i**2 + 2*i + 19794. Calculate c(s).
2
Let z be (10 + 361/(-38))/(1/14). Let u(n) = n**2 - 17*n - 11. What is u(z)?
-81
Let a = -9083 - -9088. Let v(k) = k**2 - 23*k + 94. Calculate v(a).
4
Let q(y) = 12*y - 74. Suppose -30*k + 39*k = 30*k - 126. Determine q(k).
-2
Let y(z) = 42 + 13*z + 17*z - 22 - 26 - 32*z. Determine y(2).
-10
Let u = 3447 + -3426. Let q(g) = -19*g + 396. Determine q(u).
-3
Let x(c) = -c**3 - 2*c - 15 + 12*c**3 - 4*c**3 + 7*c**2. Let m(s) = -536*s**3 + 2*s + 532*s**3 + 4 + 4 - s - 3*s**2. Let i(k) = -5*m(k) - 3*x(k). Give i(-6).
-1
Let n(j) be the first derivative of -8*j**2 + 7*j + 1487. Calculate n(1).
-9
Let f(w) be the first derivative of -w**4 + 10*w**3/3 - w**2/2 + 4*w - 34. Let q(m) = 5*m**3 - 11*m**2 - 4. Let g(n) = -4*f(n) - 3*q(n). What is g(7)?
24
Let l(t) = -21*t - 105. Let s be l(-5). Let r(i) = -4*i**2 - 1 - 1 + s*i**2 + i**2. Determine r(2).
-14
Let f be ((-42)/315 - 26/30) + 7. Let p(n) = -n**3 + 6*n**2 - 4*n + 9. Let u(a) = 4*a**3 - 24*a**2 + 17*a - 36. Let c(z) = -9*p(z) - 2*u(z). Give c(f).
3
Let y(h) = -h**2 + 34*h - 237. Let x be y(24). Let g(z) = 7*z - 8. Let b(a) = a - 1. Let i(r) = 6*b(r) - g(r). Calculate i(x).
-1
Suppose -10*j + 8 = -8*j. Let a = 6 - -4. Let q(s) = -s**2 + 7*s - 3 + 7*s - a*s. Give q(j).
-3
Suppose 0 = -2*n + p + 14, 4*p - 398 = 5*n - 445. Let z(m) be the first derivative of 14*m + 26 + 0*m**2 + 1/3*m**n. What is z(0)?
14
Suppose 4*w = -g - 7, -2*g + 5*w - 2 = 12. Let f = 1262 - 1260. Let n(k) = -10 + 2*k - 9*k + k**f + 13*k + 4. Calculate n(g).
1
Let x be -6 + 6 + ((-72)/9)/2. Let r(f) = 3*f**2 + 4*f - 1. What is r(x)?
31
Let l(b) = 109*b + 5567. Let f be l(-51). Let y(i) = -16*i + 126. Calculate y(f).
-2
Let z(s) = 4*s**2 - s - 53. Let v(j) = 7*j**2 - j - 106. Let f(l) = 3*v(l) - 5*z(l). Let o be f(-8). Let k(c) = c. Give k(o).
-5
Suppose -2*y = -25*y + 184. Suppose 0 = 3*l + a + 18, -a + y = 5. Let k(u) be the third derivative of u**5/60 + u**4/4 + u**3/2 + 9*u**2. Calculate k(l).
10
Let m(w) = 39*w - 206. Let i(u) = 78*u - 343. Let a(c) = -4*i(c) + 7*m(c). Calculate a(-2).
8
Let w(c) = 6*c - 6. Let g be w(0). Let m(k) = -20*k + 3. Let p(v) = -9*v + 1. Let z(f) = -4*m(f) + 9*p(f). Determine z(g).
3
Suppose 11*m - 40 = -29*m. Let k(u) be the third derivative of 0*u + 1/12*u**5 + 0 + 0*u**4 + 4*u**2 - 1/6*u**3. Give k(m).
4
Let b(j) = -3 - 1733*j**3 - 13*j**2 - 15 + 1734*j**3. What is b(13)?
-18
Let x(b) be the first derivative of -b**2/2 - 9*b + 6438. Let r(f) = 11*f**2 + 2*f + 1. Let z be r(-1). Calculate x(z).
-19
Let v(u) be the second derivative of -2*u**3 - 73*u**2/2 - 549*u - 4. What is v(-7)?
11
Let c(r) = 120*r + 12. Let y(l) = -4*l. Let z(p) = 2*c(p) + 56*y(p). Calculate z(0).
24
Let k(f) = f**2 - 11*f - 29. Suppose 3*d - 25 = a - 23, -3*a + 54 = 3*d. What is k(a)?
-3
Let b(y) = -3*y**2 - 6*y + 5. Let n(s) = 10*s**2 + 19*s - 16. Suppose 14*r - 15*r - 7 = 0. Let g(t) = r*b(t) - 2*n(t). Give g(-7).
18
Let q(m) be the second derivative of m**5/10 + 19*m**4/12 + 2*m**3/3 - 9*m**2 - 1649*m. Determine q(-9).
27
Let x = 7 - 7. Suppose -5*m = -x*m. Let z(h) = h + 16. Determine z(m).
16
Suppose 2*r - 33 = -2*d + 7*r, -5*r - 13 = 3*d. Suppose -d*i + u = 0, -3*i = -u - 1 + 2. Let y(q) = 1 + 8*q - 2*q + 5*q. What is y(i)?
12
Suppose -10*v = 4*v - 56. Let p be 0 - (6 + -8) - v. Let n(m) = 9*m**2 + 2*m. Calculate n(p).
32
Let z(w) = w**2 + 6*w - 118. Let f(k) = 7*k**2 + 238*k - 14. Let a be f(-34). Give z(a).
-6
Suppose 9*c - 5*c = -4*d - 8, 0 = -d - 4. Let m(v) = -2*v**2 - 13*v + 60. Let w(h) = -h**2 - 6*h + 28. Let r(p) = 6*m(p) - 13*w(p). Determine r(c).
0
Let p(w) = 3*w**3 - w**2 - 6*w - 5. Let g(y) = -y**3 - y**2 + y. Let z(v) = -4*g(v) - p(v). Let i = 22 + -25. Let q be i/(-5) - (-23)/(-5). Determine z(q).
13
Let x(p) = p**2 - 8*p + 12. Suppose -8*y = 13*y - 2*y - 133. Determine x(y).
5
Let d(i) = -i**3 + 6*i**2 - 2*i + 5. Let v be d(6). Let n(q) be the first derivative of -q**3/3 - q**2 + 7*q + 10. Give n(v).
-28
Let j(d) be the third derivative of 1/6*d**4 - 84*d**2 + 0*d - 2/3*d**3 + 0. Calculate j(1).
0
Suppose 2*f = -3*b - 0 + 11, 4*f + b - 17 = 0. Let q(k) be the third derivative of 3*k**2 + 0 - 2*k + 1/3*k**3 - 1/6*k**4. What is q(f)?
-14
Suppose 3*p = 3*r + 3, -2*p - 5*r = -4*r - 5. Let n(o) = -o**p + o**2 + o**2 - 1 - 6*o. Suppose -2*s = -4*c, 0*c - c = -9*s + 51. What is n(s)?
-1
Let d = 3387 - 3365. Let f(l) = -l + 27. Give f(d).
5
Let k(b) = -133*b**3 + 22*b**2 - 35*b + 26. Let i(o) = 111*o**3 - 21*o**2 + 34*o - 24. Let j(n) = 6*i(n) + 5*k(n). Give j(14).
0
Let j(h) be the second derivative of 1/2*h**2 - 1/20*h**5 + 1/3*h**3 + 0 - 1/4*h**4 - 8*h. Let t = 108 - 111. Give j(t).
-5
Let g = 117 - 114. Suppose -g*a + 0*a = 4*a. Let k(m) = -42 + 13 + 5*m**2 - m - 4*m**2. What is k(a)?
-29
Suppose -4*x + 2*t + 95 - 29 = 0, 2*t + 82 = 5*x. Let v(y) = -26*y**3 + 25*y**3 + 84 - 